me factors of r(-15).
2, 59
Let c = 1 + 2. Suppose c + 4 = k - 3*v, k - 31 = -5*v. What are the prime factors of k?
2
Let k = -26 + 215. What are the prime factors of k?
3, 7
Let a(s) = s**2 - s - 2. Let z be a(-5). What are the prime factors of z - (-3 - (0 - 1))?
2, 3, 5
Let p(v) = -v**2 - 7*v + 7. Let w be p(-6). Let b = 31 - w. List the prime factors of b.
2, 3
Suppose 5*a + 5*i = -330, 2*a - 5*i = a - 90. What are the prime factors of (-1 - 12/(-20))*a?
2, 7
Suppose -d - a = -4*d + 64, d + 4*a - 30 = 0. List the prime factors of d.
2, 11
Let u be 2/(-5) + 67/5. Let s = 27 - u. Let x = s - 6. What are the prime factors of x?
2
Let c be (-20)/((-3)/(1 - -2)). Suppose 0 = p - 6 - c. List the prime factors of p.
2, 13
Let z = -119 - -327. What are the prime factors of 6/21 + z/7?
2, 3, 5
Let h = 1 + 3. Suppose h*z - 100 - 24 = 0. What are the prime factors of z?
31
Let z(o) = 2*o**2 + 3*o + 3. List the prime factors of z(-3).
2, 3
Let d(b) = -106*b + 1. What are the prime factors of d(-2)?
3, 71
Suppose 5*g = -0*g - 10. What are the prime factors of (-3)/g - 174/(-4)?
3, 5
Let t = 26 + 8. What are the prime factors of t?
2, 17
Suppose 5*m = -0*k + 4*k + 113, 0 = 2*m + 4*k - 62. What are the prime factors of m?
5
What are the prime factors of ((-18)/(-8))/(8/128)?
2, 3
What are the prime factors of (4 - (-5)/(-5)) + 27?
2, 3, 5
What are the prime factors of ((-5)/(-1))/(5/65)?
5, 13
Let h(r) = 3*r**2 + 2*r + 1. List the prime factors of h(2).
17
Let a(o) be the second derivative of -o**5/20 - o**4/2 - o**3 - o. Let x be a(-4). Let d(m) = -m**2 - 9*m - 3. What are the prime factors of d(x)?
5
Let d(t) = -t**3 + 2*t - 1. Let y be d(-2). Let q = y - 5. Let n = 6 + q. List the prime factors of n.
2
Suppose -2*h - 12 - 14 = 0. Let q = h - -32. List the prime factors of q.
19
Suppose n + c + 4 = 2*n, 5*n - 2*c - 20 = 0. Suppose 4*o + n = 20. List the prime factors of o.
2
Let g = 5 - 1. Let l(z) = z + 5. What are the prime factors of l(g)?
3
Suppose 0*y = 2*y + 2*t - 36, 3*t = -4*y + 68. Let l be (-43)/(-2) - (-7)/(-14). Let g = l - y. List the prime factors of g.
7
Let h(t) be the first derivative of t**2/2 + 11*t + 3. List the prime factors of h(0).
11
Let b = -1 + -3. Let x = 18 - b. What are the prime factors of x?
2, 11
Suppose 0*m + 44 = 4*m. What are the prime factors of m?
11
Suppose 4*p - 78 = 3*p. What are the prime factors of p?
2, 3, 13
Let c = -10 - -14. Suppose -4*v = -c*i - 140, -v + 8 = -3*i - 23. What are the prime factors of v?
37
Let l(n) = n - 1. Let a(j) = j**3 - 9*j**2 + 3. Let h be a(9). Let i be l(h). Suppose 7 = -i*y + 15. What are the prime factors of y?
2
Let a be -4*(1 + 90/8). List the prime factors of (126/a)/(6/(-28)).
2, 3
Suppose 0 = -2*n - 2*n + 272. What are the prime factors of n?
2, 17
Let q(y) = y**3 - 9*y**2 + y + 8. Let z be q(8). List the prime factors of 2/(-6) + z/(-9).
5
Let c = 47 - 27. Suppose 2*v = 5*s - 65, -c = -s - 2*s + 5*v. What are the prime factors of s?
3, 5
Let x(b) be the third derivative of b**4/12 + b**3/2 + 2*b**2. List the prime factors of x(7).
17
Suppose 7*h - 300 = 1. What are the prime factors of h?
43
Let o = -14 - -3. Let b = 7 + o. What are the prime factors of b/18 - (-224)/36?
2, 3
Let a(f) = -3 + f + 2 + 2. What are the prime factors of a(2)?
3
Suppose 5*b - 2*v - 1 = 0, -b + 4*v - 2*v + 5 = 0. What are the prime factors of -2 + 1 + (b - -5)?
3
Let f(w) = -w**3 - 6*w**2 - 7*w - 4. Let j be f(-5). Suppose 4*z - 6 = z - 5*h, 3*z = -2*h + j. Let t = 2 + z. What are the prime factors of t?
2
Let m be -1*(69 + (-3 - -1)). List the prime factors of (-2)/5 - m/5.
13
Suppose 0 = -u + 2*k + 56, 4*u - 2*k + k - 224 = 0. List the prime factors of u.
2, 7
List the prime factors of (-476)/(-12) + (-2)/3.
3, 13
Let k be 128/9 + (-6)/27. Suppose 5*i - 19 = 2*v, 6*i - 2*i - v = k. Suppose -i*u + 15 = -3. List the prime factors of u.
2, 3
Let v be 6/(-4)*330/(-3). List the prime factors of (2/3)/(10/v).
11
Suppose 4*o - 5*f = 560, 5*f = -4*o + 620 - 100. What are the prime factors of o?
3, 5
Suppose 0*q = -4*z - q + 43, 0 = 3*z + 3*q - 21. List the prime factors of z.
2, 3
Let l be (-47)/7 - 2/7. Let c be l/((-21)/18) + -1. What are the prime factors of (c + -2)*(-20)/(-6)?
2, 5
Let y(h) = h**2 - 2. Suppose 3*r - 19 - 14 = 0. Let k = r + -7. What are the prime factors of y(k)?
2, 7
List the prime factors of ((-24)/9)/((-2)/15).
2, 5
Suppose 58 - 14 = 4*o. Suppose -2*x = -o - 3. List the prime factors of x.
7
Let l(u) = -u - 5. Let z = -20 - -14. Let i be l(z). Let d(p) = 13*p**3 - p**2 + p - 1. List the prime factors of d(i).
2, 3
Let r be (1 + -1)/(-2) - -2. Suppose r*f = -f. Suppose -v = 4*x - 33, f*v - 2*v = -3*x + 11. What are the prime factors of x?
7
Suppose -4*k + 6*k + 4*r - 264 = 0, 2*k + 5*r = 259. List the prime factors of k.
2, 71
Let o(a) = 14*a**2 + 4*a - 14. Let j(x) = -5*x**2 - x + 5. Let h(v) = -17*j(v) - 6*o(v). What are the prime factors of h(8)?
7
Suppose -4*z - 88 = -o, -o - z + 56 + 17 = 0. List the prime factors of o.
2, 19
Let o be (-6)/(-30) + (-38)/(-10). Suppose 0 = -o*j - 4 - 28. What are the prime factors of 2/(-8) + (-34)/j?
2
Suppose 2*h + h - 58 = -2*j, -4*h + 78 = 2*j. Let r = h - 11. List the prime factors of r.
3
Suppose 3*z - 128 = -z. Suppose 3*v - 35 = -4*a + z, -5*a = v - 4. List the prime factors of v.
29
Suppose 0*k + 4*k + 3*b = 499, -4*k = 2*b - 498. What are the prime factors of k?
2, 31
Let k(h) be the third derivative of -h**4/8 - 2*h**2. Let v be 2*(1 + 10/(-4)). What are the prime factors of k(v)?
3
Let p = -8 + -3. Suppose -3*c + 63 = 3*b, -2*c - 3 + 42 = -b. Let u = p + c. What are the prime factors of u?
3
What are the prime factors of (4/2)/(6/117)?
3, 13
Suppose -12 = 4*b, -6*b = -5*x - 9*b + 331. What are the prime factors of x?
2, 17
Suppose 5*g - 18 = 2*g. Suppose -p - p + g = 0. List the prime factors of p.
3
Suppose -b + 26 = 4*k + k, -2*k = 0. What are the prime factors of b?
2, 13
Let q = -139 + 199. What are the prime factors of q?
2, 3, 5
Suppose 35 + 17 = 4*f. What are the prime factors of f?
13
Let i(s) = s + 0 + 2*s - 2*s + 2. List the prime factors of i(5).
7
Suppose 0*u = 2*u - 12. Let g be ((-12)/14)/(u/(-294)). List the prime factors of (g/(-15))/(2/(-10)).
2, 7
Let o be 2/(-4)*0/3. Suppose 4*j + 3*b - b - 10 = o, 0 = 4*b + 4. Suppose -j*z + 34 = -26. List the prime factors of z.
2, 5
Suppose 0*o - 3*o = -141. Suppose -5*t + o = -218. Suppose -5*d = -t - 17. What are the prime factors of d?
2, 7
Let y(o) = -o**3 + 4*o**2 + 6*o - 1. What are the prime factors of y(4)?
23
Let p be 10*((-36)/(-10))/1. Suppose -3*v = 9 - p. List the prime factors of v.
3
Let r = -53 + 105. What are the prime factors of r?
2, 13
Suppose -5*r + 136 = l, -5*r + 75 = 4*l - 49. List the prime factors of r.
2, 7
Let s(y) = 2*y + 13. Let h(m) = -2*m - 12. Let v(i) = 3*h(i) + 2*s(i). List the prime factors of v(-7).
2
Suppose -10 = f - 6*f. Suppose -f*q = q - 30. Let o = 17 - q. What are the prime factors of o?
7
Let y(m) = -m**3 + 10*m**2 + 7*m + 9. List the prime factors of y(7).
5, 41
Suppose 19 = 2*m + 3*w, -4*m - m + 2*w + 38 = 0. List the prime factors of m.
2
Let r be ((-60)/(-9))/(6/9). Let c = -8 + r. List the prime factors of c.
2
Suppose 0*r - 25 = -5*r. Suppose -r*o + 13 + 12 = 0. List the prime factors of o.
5
Let s(i) = -i**2 + 8*i - 4. Let d be s(7). Suppose 3*f - d*j - 39 = 24, 0 = 3*f + 4*j - 84. List the prime factors of f.
2, 3
Let k be 2/((-2)/12*-3). Let b(i) be the first derivative of i**2 - 6*i + 6. List the prime factors of b(k).
2
Suppose -1464 = -5*q + q + 3*o, -2*q + 732 = 4*o. What are the prime factors of q?
2, 3, 61
Suppose -j - 15 = -4*i, -5*i = -0*j - 5*j. Suppose 4*p - p + 71 = 4*m, 0 = 2*m + j*p - 3. List the prime factors of m.
2, 7
What are the prime factors of 1*2 + (2 + -4 - -74)?
2, 37
Let t = -76 + 116. What are the prime factors of t?
2, 5
List the prime factors of (-4 + 186/12)*10.
5, 23
Suppose -5*i + 237 - 62 = 5*s, -s + 2*i = -38. List the prime factors of s.
2, 3
Let d(f) = 3*f**2 - 9 - 8*f - f**2 - 3*f**2 + 2*f**2. Let t be d(9). Let i = 6 - t. What are the prime factors of i?
2, 3
Let c = 5 + 2. Let q = 17 - c. List the prime factors of q.
2, 5
Let j(i) = 2*i**2 - 4*i + 2. Let p be j(2). Suppose 5*h - p*h